n factor of 56 and 136?
8
Calculate the highest common divisor of 7047 and 1044.
261
Calculate the greatest common factor of 322 and 33166.
322
What is the greatest common factor of 5 and 67?
1
What is the greatest common divisor of 414 and 36?
18
What is the greatest common factor of 15 and 1635?
15
What is the highest common factor of 10 and 130?
10
What is the highest common divisor of 3021 and 114?
57
Calculate the greatest common factor of 54 and 1308.
6
What is the greatest common factor of 12 and 516?
12
What is the greatest common divisor of 242 and 3025?
121
Calculate the highest common divisor of 258 and 13803.
129
What is the highest common divisor of 18 and 738?
18
What is the highest common divisor of 448 and 1984?
64
What is the greatest common factor of 186 and 2511?
93
What is the greatest common factor of 543 and 12?
3
What is the highest common divisor of 43 and 2?
1
What is the highest common divisor of 10560 and 198?
66
Calculate the highest common factor of 915 and 180.
15
What is the greatest common divisor of 12 and 375?
3
What is the greatest common divisor of 198 and 418?
22
What is the greatest common factor of 234 and 61542?
234
Calculate the greatest common divisor of 16755 and 30.
15
What is the highest common factor of 18 and 48?
6
What is the greatest common divisor of 54 and 864?
54
What is the greatest common divisor of 32 and 6368?
32
What is the highest common factor of 1710 and 57?
57
Calculate the highest common divisor of 40 and 1100.
20
What is the greatest common divisor of 244 and 376?
4
Calculate the highest common divisor of 1 and 9.
1
What is the highest common factor of 108 and 12?
12
What is the greatest common divisor of 369 and 164?
41
Calculate the greatest common divisor of 1730 and 40.
10
What is the highest common factor of 6789 and 1752?
219
Calculate the greatest common factor of 57 and 551.
19
Calculate the greatest common divisor of 65 and 3445.
65
Calculate the highest common divisor of 198 and 981.
9
What is the greatest common divisor of 880 and 2090?
110
What is the highest common factor of 36 and 2142?
18
Calculate the greatest common divisor of 219 and 24.
3
Calculate the highest common divisor of 4 and 29.
1
What is the highest common factor of 107 and 107?
107
What is the greatest common factor of 136 and 51?
17
Calculate the highest common divisor of 324 and 6.
6
What is the highest common divisor of 70 and 250?
10
Calculate the greatest common divisor of 13 and 5447.
13
Calculate the highest common divisor of 24 and 6.
6
Calculate the greatest common divisor of 2 and 18.
2
What is the greatest common factor of 266 and 14?
14
What is the greatest common factor of 9266 and 452?
226
Calculate the highest common factor of 402 and 18.
6
Calculate the highest common factor of 965 and 1158.
193
Calculate the greatest common divisor of 28 and 9604.
28
Calculate the greatest common factor of 345 and 69.
69
Calculate the highest common divisor of 39 and 24.
3
Calculate the highest common factor of 726 and 26499.
363
Calculate the greatest common divisor of 30 and 7290.
30
Calculate the highest common factor of 99 and 88.
11
What is the highest common factor of 176 and 80?
16
What is the greatest common factor of 50 and 510?
10
Calculate the greatest common divisor of 1 and 47.
1
Calculate the highest common factor of 24 and 228.
12
What is the greatest common divisor of 18 and 15?
3
Calculate the greatest common factor of 4224 and 22.
22
What is the highest common factor of 76 and 646?
38
What is the highest common factor of 145 and 667?
29
Calculate the greatest common divisor of 70 and 220.
10
Calculate the greatest common divisor of 88 and 1078.
22
What is the greatest common divisor of 5488 and 16?
16
What is the greatest common divisor of 1375 and 11?
11
Calculate the greatest common factor of 9 and 45.
9
What is the greatest common divisor of 87 and 841?
29
Calculate the greatest common divisor of 639 and 355.
71
What is the highest common divisor of 837 and 465?
93
What is the greatest common factor of 1920 and 1320?
120
What is the greatest common divisor of 208 and 130?
26
Calculate the greatest common divisor of 8 and 324.
4
What is the highest common divisor of 78 and 1482?
78
Calculate the highest common divisor of 27 and 72.
9
Calculate the highest common divisor of 2108 and 1364.
124
What is the highest common divisor of 3125 and 1000?
125
What is the highest common divisor of 100 and 250?
50
Calculate the highest common factor of 700 and 28.
28
Calculate the greatest common divisor of 77 and 66.
11
Calculate the greatest common divisor of 76 and 4.
4
What is the greatest common factor of 418 and 22?
22
Calculate the highest common factor of 24 and 3000.
24
Calculate the greatest common factor of 1128 and 24.
24
What is the highest common factor of 60 and 16?
4
Calculate the greatest common divisor of 18 and 30.
6
What is the highest common divisor of 240 and 320?
80
Calculate the greatest common divisor of 29082 and 222.
222
What is the highest common factor of 176 and 4884?
44
Calculate the greatest common factor of 218 and 9701.
109
Calculate the greatest common factor of 267 and 2.
1
Calculate the greatest common factor of 18 and 102.
6
Calculate the greatest common divisor of 48 and 300.
12
Calculate the highest common divisor of 24 and 138.
6
What is the highest common factor of 114 and 3534?
114
Calculate the highest common divisor of 6 and 914.
2
Calculate the highest common factor of 480 and 210.
30
What is the highest common divisor of 969 and 19?
19
What is the greatest common divisor of 1379 and 49?
7
Calculate the greatest common factor of 1148 and 246.
82
Calculate the greatest common divisor of 10576 and 80.
16
Calculate the highest common factor of 1207 and 136.
17
Calculate the highest common factor of 52 and 572.
52
Calculate the highest common divisor of 2323 and 505.
101
Calculate the highest common factor of 396 and 24.
12
Calculate the greatest common divisor of 195 and 52.
13
Calculate the greatest common factor of 3360 and 35.
35
What is the greatest common factor of 21248 and 83?
83
What is the highest common divisor of 472 and 88?
8
Calculate the highest common divisor of 12 and 1812.
12
What is the greatest common divisor of 225 and 1275?
75
Calculate the highest common divisor of 1247 and 58.
29
What is the highest common factor of 34 and 1666?
34
What is the greatest common factor of 69 and 5612?
23
Calculate the highest common divisor of 1120 and 3010.
70
Calculate the greatest common factor of 72 and 207.
9
What is the greatest common factor of 1000 and 24?
8
What is the highest common factor of 1296 and 96?
48
What is the greatest common factor of 230 and 28750?
230
Calculate the greatest common factor of 1421 and 98.
49
What is the greatest common divisor of 34 and 68?
34
What is the highest common factor of 279 and 51?
3
Calculate the highest common divisor of 271 and 63143.
271
Calculate the highest common divisor of 572 and 1924.
52
What is the highest common factor of 385 and 35?
35
Calculate the greatest common factor of 22597 and 59.
59
Calculate the greatest common divisor of 81 and 189.
27
Calculate the highest common factor of 48 and 304.
16
What is the highest common divisor of 49 and 21?
7
Calculate the highest common divisor of 955 and 12033.
191
What is the greatest common factor of 4 and 3?
1
Calculate the highest common divisor of 10112 and 128.
128
What is the greatest common divisor of 112 and 14?
14
What is the greatest common factor of 55 and 374?
11
Calculate the greatest common divisor of 1398 and 30.
6
What is the highest common divisor of 43 and 9073?
43
What is the greatest common divisor of 1023 and 165?
33
Calculate the highest common divisor of 4200 and 96.
24
Calculate the greatest common factor of 2752 and 86.
86
What is the greatest common divisor of 2294 and 148?
74
What is the highest common factor of 682 and 88?
22
What is the highest common divisor of 68386 and 62?
62
Calculate the highest common divisor of 38 and 152.
38
What is the greatest common factor of 30 and 2630?
10
What is the highest common factor of 38 and 74746?
38
What is the highest common divisor of 610 and 10?
10
What is the greatest com